{"id":2908,"date":"2020-06-02T15:23:52","date_gmt":"2020-06-02T18:23:52","guid":{"rendered":"http:\/\/187.45.187.42\/~transreal\/?post_type=project&#038;p=2908"},"modified":"2026-04-28T13:39:23","modified_gmt":"2026-04-28T16:39:23","slug":"cargas-refrigeradas","status":"publish","type":"project","link":"https:\/\/www.transreallogistica.com.br\/?project=cargas-refrigeradas","title":{"rendered":"Cargas Refrigeradas"},"content":{"rendered":"<p>[vc_row full_width=&#8221;stretch_row_content_no_spaces&#8221;][vc_column]<div class=\"gt-info-box gt-style-1 gt-align-right\"><div class=\"gt-img gt-lazy-load\" data-bg=\"https:\/\/www.transreallogistica.com.br\/wp-content\/uploads\/2018\/04\/img_transreal_especialidades_03-765x825.jpg\"><div class=\"gt-overlay gt-opacity-effect-true\"><\/div><\/div><div class=\"gt-container\"><div class=\"gt-content\"><div class=\"gt-line\"><\/div><span class=\"gt-subtitle\">Servi\u00e7os<\/span><h3 class=\"gt-title\">Cargas Refrigeradas<\/h3><div class=\"gt-excerpt\"><p>Atendimento a clientes espec\u00edficos que necessitam transportar seus produtos com refrigera\u00e7\u00e3o controlada e modificada para manter a qualidade e prorrogar a vida de cargas altamente sens\u00edveis e produtos perec\u00edveis.<\/p>\n<\/div><\/div><\/div><\/div>[\/vc_column][\/vc_row][vc_row full_width=&#8221;stretch_row&#8221; css=&#8221;.vc_custom_1591116516546{padding-top: 120px !important;padding-bottom: 120px !important;background-color: #ffffff !important;}&#8221;][vc_column width=&#8221;1\/3&#8243;]<div class=\"gt-feature-box gt-align-center gt-style-2\"><div class=\"gt-icon\"><i class=\"fas fa-wrench\"><\/i><\/div><div class=\"gt-content\"><h3 class=\"gt-title\">Mec\u00e2nicos de refrigera\u00e7\u00e3o<\/h3><div class=\"gt-excerpt\"><p>Contamos com mec\u00e2nicos especialistas em aparelhos termo king fornecendo toda a confiabilidade que o transporte refrigerado necessita.<\/p>\n<\/div><\/div><\/div>[\/vc_column][vc_column width=&#8221;1\/3&#8243;]<div class=\"gt-feature-box gt-align-center gt-style-2\"><div class=\"gt-icon\"><i class=\"fas fa-snowflake\"><\/i><\/div><div class=\"gt-content\"><h3 class=\"gt-title\">Climatiza\u00e7\u00e3o e Refrigera\u00e7\u00e3o<\/h3><div class=\"gt-excerpt\"><\/p>\n<p class=\"p1\">Modernos aparelhos Thermo King para garantir a climatiza\u00e7\u00e3o e qualidade dos produtos refrigerados.<\/p>\n<p>\n<\/div><\/div><\/div>[\/vc_column][vc_column width=&#8221;1\/3&#8243;]<div class=\"gt-feature-box gt-align-center gt-style-2\"><div class=\"gt-icon\"><i class=\"fas fa-truck\"><\/i><\/div><div class=\"gt-content\"><h3 class=\"gt-title\">Frota Pr\u00f3pria<\/h3><div class=\"gt-excerpt\"><\/p>\n<p class=\"p1\">Composta por carretas frigor\u00edficas 28 e 30 paletes, possui controle completo dos processos, manuten\u00e7\u00e3o de ve\u00edculos e combust\u00edveis, que garante pontualidade e efici\u00eancia.<\/p>\n<p>\n<\/div><\/div><\/div>[\/vc_column][\/vc_row][vc_row full_width=&#8221;stretch_row&#8221; css=&#8221;.vc_custom_1594046879682{padding-top: 60px !important;padding-bottom: 120px !important;background-color: #ffffff !important;}&#8221;][vc_column width=&#8221;1\/3&#8243;]<div class=\"gt-feature-box gt-align-center gt-style-2\"><div class=\"gt-icon\"><i class=\"fas fa-pump-soap\"><\/i><\/div><div class=\"gt-content\"><h3 class=\"gt-title\">Higieniza\u00e7\u00e3o<\/h3><div class=\"gt-excerpt\"><\/p>\n<p class=\"p1\">Rigoroso sistema de higieniza\u00e7\u00e3o das carretas a cada viagem, garantindo a n\u00e3o prolifera\u00e7\u00e3o de bact\u00e9rias e fungos que danificariam a qualidade da carga.<\/p>\n<p>\n<\/div><\/div><\/div>[\/vc_column][vc_column width=&#8221;1\/3&#8243;]<div class=\"gt-feature-box gt-align-center gt-style-2\"><div class=\"gt-icon\"><i class=\"fas fa-sun\"><\/i><\/div><div class=\"gt-content\"><h3 class=\"gt-title\">Temperatura de Carga<\/h3><div class=\"gt-excerpt\"><\/p>\n<p class=\"p1\">Possibilidade de transportar mercadorias com temperaturas diferentes em uma mesma carga com a utiliza\u00e7\u00e3o de divis\u00f3rias (congelados e resfriados).<\/p>\n<p>\n<\/div><\/div><\/div>[\/vc_column][vc_column width=&#8221;1\/3&#8243;]<div class=\"gt-feature-box gt-align-center gt-style-2\"><div class=\"gt-icon\"><i class=\"fas fa-thermometer-three-quarters\"><\/i><\/div><div class=\"gt-content\"><h3 class=\"gt-title\">Sensor de Temperatura<\/h3><div class=\"gt-excerpt\"><\/p>\n<p class=\"p1\">Todas as carretas est\u00e3o equipadas com sensores de temperatura, monitorados 24 horas por dia, garantindo a efici\u00eancia no controle de temperatura e qualidade da mercadoria transportada.<\/p>\n<p>\n<\/div><\/div><\/div>[\/vc_column][\/vc_row][vc_row full_width=&#8221;stretch_row&#8221; full_height=&#8221;yes&#8221; content_placement=&#8221;middle&#8221; el_class=&#8221;gt-row-opacity gt-row-opacity-colored&#8221; css=&#8221;.vc_custom_1591121348360{background: #3b0f62 url(http:\/\/187.45.187.42\/~transreal\/wp-content\/uploads\/2018\/01\/img_bg_topo_servicos-min-ok.jpg?id=2887) !important;background-position: center !important;background-repeat: no-repeat !important;background-size: cover !important;}&#8221;][vc_column][vc_empty_space height=&#8221;120px&#8221;][vc_row_inner][vc_column_inner offset=&#8221;vc_col-lg-1\/5 vc_col-md-1\/5 vc_hidden-sm vc_hidden-xs&#8221;][\/vc_column_inner][vc_column_inner offset=&#8221;vc_col-lg-3\/5 vc_col-md-3\/5&#8243;]<div class=\"gt-page-heading gt-light gt-center\"><div class=\"gt-line\"><\/div><span>Solicite um Or\u00e7amento<\/span><h1>Quer conhecer melhor nossas solu\u00e7\u00f5es de log\u00edstica? Solicite um or\u00e7amento sem compromisso.<\/h1><\/div>[vc_btn title=&#8221;ENTRE EM CONTATO&#8221; style=&#8221;flat&#8221; shape=&#8221;round&#8221; color=&#8221;sky&#8221; size=&#8221;lg&#8221; align=&#8221;center&#8221; css_animation=&#8221;fadeIn&#8221; link=&#8221;url:https%3A%2F%2Fwww.transreallogistica.com.br%2F%3Fpage_id%3D291|title:Fale%20Conosco||&#8221;][\/vc_column_inner][vc_column_inner offset=&#8221;vc_col-lg-1\/5 vc_col-md-1\/5 vc_hidden-sm vc_hidden-xs&#8221;][\/vc_column_inner][\/vc_row_inner][vc_empty_space height=&#8221;120px&#8221;][\/vc_column][\/vc_row]<\/p>\n","protected":false},"excerpt":{"rendered":"<p>Atendimento a clientes espec\u00edficos que necessitam transportar seus produtos em cargas com refrigera\u00e7\u00e3o controlada e modificada para manter a qualidade e prorrogar a vida de cargas altamente sens\u00edveis e produtos perec\u00edveis.<\/p>\n","protected":false},"author":1,"featured_media":3500,"comment_status":"open","ping_status":"closed","template":"","meta":{"footnotes":""},"project-category":[72],"project-location":[],"project-status":[],"project-function":[],"project-client":[],"project-year":[],"class_list":["post-2908","project","type-project","status-publish","has-post-thumbnail","hentry","project-category-_"],"_links":{"self":[{"href":"https:\/\/www.transreallogistica.com.br\/index.php?rest_route=\/wp\/v2\/project\/2908","targetHints":{"allow":["GET"]}}],"collection":[{"href":"https:\/\/www.transreallogistica.com.br\/index.php?rest_route=\/wp\/v2\/project"}],"about":[{"href":"https:\/\/www.transreallogistica.com.br\/index.php?rest_route=\/wp\/v2\/types\/project"}],"author":[{"embeddable":true,"href":"https:\/\/www.transreallogistica.com.br\/index.php?rest_route=\/wp\/v2\/users\/1"}],"replies":[{"embeddable":true,"href":"https:\/\/www.transreallogistica.com.br\/index.php?rest_route=%2Fwp%2Fv2%2Fcomments&post=2908"}],"version-history":[{"count":14,"href":"https:\/\/www.transreallogistica.com.br\/index.php?rest_route=\/wp\/v2\/project\/2908\/revisions"}],"predecessor-version":[{"id":3356,"href":"https:\/\/www.transreallogistica.com.br\/index.php?rest_route=\/wp\/v2\/project\/2908\/revisions\/3356"}],"wp:featuredmedia":[{"embeddable":true,"href":"https:\/\/www.transreallogistica.com.br\/index.php?rest_route=\/wp\/v2\/media\/3500"}],"wp:attachment":[{"href":"https:\/\/www.transreallogistica.com.br\/index.php?rest_route=%2Fwp%2Fv2%2Fmedia&parent=2908"}],"wp:term":[{"taxonomy":"project-category","embeddable":true,"href":"https:\/\/www.transreallogistica.com.br\/index.php?rest_route=%2Fwp%2Fv2%2Fproject-category&post=2908"},{"taxonomy":"project-location","embeddable":true,"href":"https:\/\/www.transreallogistica.com.br\/index.php?rest_route=%2Fwp%2Fv2%2Fproject-location&post=2908"},{"taxonomy":"project-status","embeddable":true,"href":"https:\/\/www.transreallogistica.com.br\/index.php?rest_route=%2Fwp%2Fv2%2Fproject-status&post=2908"},{"taxonomy":"project-function","embeddable":true,"href":"https:\/\/www.transreallogistica.com.br\/index.php?rest_route=%2Fwp%2Fv2%2Fproject-function&post=2908"},{"taxonomy":"project-client","embeddable":true,"href":"https:\/\/www.transreallogistica.com.br\/index.php?rest_route=%2Fwp%2Fv2%2Fproject-client&post=2908"},{"taxonomy":"project-year","embeddable":true,"href":"https:\/\/www.transreallogistica.com.br\/index.php?rest_route=%2Fwp%2Fv2%2Fproject-year&post=2908"}],"curies":[{"name":"wp","href":"https:\/\/api.w.org\/{rel}","templated":true}]}}

<p>[vc_row full_width=&#8221;stretch_row_content_no_spaces&#8221;][vc_column]<div class="gt-info-box gt-style-1 gt-align-right"><div class="gt-img gt-lazy-load" data-bg="https://www.transreallogistica.com.br/wp-content/uploads/2018/04/img_transreal_especialidades_03-765x825.jpg"><div class="gt-overlay gt-opacity-effect-true"></div></div><div class="gt-container"><div class="gt-content"><div class="gt-line"></div><span class="gt-subtitle">Serviços</span><h3 class="gt-title">Cargas Refrigeradas</h3><div class="gt-excerpt"><p>Atendimento a clientes específicos que necessitam transportar seus produtos com refrigeração controlada e modificada para manter a qualidade e prorrogar a vida de cargas altamente sensíveis e produtos perecíveis.</p>
</div></div></div></div>[/vc_column][/vc_row][vc_row full_width=&#8221;stretch_row&#8221; css=&#8221;.vc_custom_1591116516546{padding-top: 120px !important;padding-bottom: 120px !important;background-color: #ffffff !important;}&#8221;][vc_column width=&#8221;1/3&#8243;]<div class="gt-feature-box gt-align-center gt-style-2"><div class="gt-icon"><i class="fas fa-wrench"></i></div><div class="gt-content"><h3 class="gt-title">Mecânicos de refrigeração</h3><div class="gt-excerpt"><p>Contamos com mecânicos especialistas em aparelhos termo king fornecendo toda a confiabilidade que o transporte refrigerado necessita.</p>
</div></div></div>[/vc_column][vc_column width=&#8221;1/3&#8243;]<div class="gt-feature-box gt-align-center gt-style-2"><div class="gt-icon"><i class="fas fa-snowflake"></i></div><div class="gt-content"><h3 class="gt-title">Climatização e Refrigeração</h3><div class="gt-excerpt"></p>
<p class="p1">Modernos aparelhos Thermo King para garantir a climatização e qualidade dos produtos refrigerados.</p>
<p>
</div></div></div>[/vc_column][vc_column width=&#8221;1/3&#8243;]<div class="gt-feature-box gt-align-center gt-style-2"><div class="gt-icon"><i class="fas fa-truck"></i></div><div class="gt-content"><h3 class="gt-title">Frota Própria</h3><div class="gt-excerpt"></p>
<p class="p1">Composta por carretas frigoríficas 28 e 30 paletes, possui controle completo dos processos, manutenção de veículos e combustíveis, que garante pontualidade e eficiência.</p>
<p>
</div></div></div>[/vc_column][/vc_row][vc_row full_width=&#8221;stretch_row&#8221; css=&#8221;.vc_custom_1594046879682{padding-top: 60px !important;padding-bottom: 120px !important;background-color: #ffffff !important;}&#8221;][vc_column width=&#8221;1/3&#8243;]<div class="gt-feature-box gt-align-center gt-style-2"><div class="gt-icon"><i class="fas fa-pump-soap"></i></div><div class="gt-content"><h3 class="gt-title">Higienização</h3><div class="gt-excerpt"></p>
<p class="p1">Rigoroso sistema de higienização das carretas a cada viagem, garantindo a não proliferação de bactérias e fungos que danificariam a qualidade da carga.</p>
<p>
</div></div></div>[/vc_column][vc_column width=&#8221;1/3&#8243;]<div class="gt-feature-box gt-align-center gt-style-2"><div class="gt-icon"><i class="fas fa-sun"></i></div><div class="gt-content"><h3 class="gt-title">Temperatura de Carga</h3><div class="gt-excerpt"></p>
<p class="p1">Possibilidade de transportar mercadorias com temperaturas diferentes em uma mesma carga com a utilização de divisórias (congelados e resfriados).</p>
<p>
</div></div></div>[/vc_column][vc_column width=&#8221;1/3&#8243;]<div class="gt-feature-box gt-align-center gt-style-2"><div class="gt-icon"><i class="fas fa-thermometer-three-quarters"></i></div><div class="gt-content"><h3 class="gt-title">Sensor de Temperatura</h3><div class="gt-excerpt"></p>
<p class="p1">Todas as carretas estão equipadas com sensores de temperatura, monitorados 24 horas por dia, garantindo a eficiência no controle de temperatura e qualidade da mercadoria transportada.</p>
<p>
</div></div></div>[/vc_column][/vc_row][vc_row full_width=&#8221;stretch_row&#8221; full_height=&#8221;yes&#8221; content_placement=&#8221;middle&#8221; el_class=&#8221;gt-row-opacity gt-row-opacity-colored&#8221; css=&#8221;.vc_custom_1591121348360{background: #3b0f62 url(http://187.45.187.42/~transreal/wp-content/uploads/2018/01/img_bg_topo_servicos-min-ok.jpg?id=2887) !important;background-position: center !important;background-repeat: no-repeat !important;background-size: cover !important;}&#8221;][vc_column][vc_empty_space height=&#8221;120px&#8221;][vc_row_inner][vc_column_inner offset=&#8221;vc_col-lg-1/5 vc_col-md-1/5 vc_hidden-sm vc_hidden-xs&#8221;][/vc_column_inner][vc_column_inner offset=&#8221;vc_col-lg-3/5 vc_col-md-3/5&#8243;]<div class="gt-page-heading gt-light gt-center"><div class="gt-line"></div><span>Solicite um Orçamento</span><h1>Quer conhecer melhor nossas soluções de logística? Solicite um orçamento sem compromisso.</h1></div>[vc_btn title=&#8221;ENTRE EM CONTATO&#8221; style=&#8221;flat&#8221; shape=&#8221;round&#8221; color=&#8221;sky&#8221; size=&#8221;lg&#8221; align=&#8221;center&#8221; css_animation=&#8221;fadeIn&#8221; link=&#8221;url:https%3A%2F%2Fwww.transreallogistica.com.br%2F%3Fpage_id%3D291|title:Fale%20Conosco||&#8221;][/vc_column_inner][vc_column_inner offset=&#8221;vc_col-lg-1/5 vc_col-md-1/5 vc_hidden-sm vc_hidden-xs&#8221;][/vc_column_inner][/vc_row_inner][vc_empty_space height=&#8221;120px&#8221;][/vc_column][/vc_row]</p>

<p>Atendimento a clientes específicos que necessitam transportar seus produtos em cargas com refrigeração controlada e modificada para manter a qualidade e prorrogar a vida de cargas altamente sensíveis e produtos perecíveis.</p>
