{"id":2915,"date":"2020-06-02T15:43:45","date_gmt":"2020-06-02T18:43:45","guid":{"rendered":"http:\/\/187.45.187.42\/~transreal\/?post_type=project&#038;p=2915"},"modified":"2026-04-28T13:09:09","modified_gmt":"2026-04-28T16:09:09","slug":"armazenagem-seca-e-frigorifica","status":"publish","type":"project","link":"https:\/\/www.transreallogistica.com.br\/?project=armazenagem-seca-e-frigorifica","title":{"rendered":"Armazenagem Seca e Frigor\u00edfica"},"content":{"rendered":"<p>[vc_row full_width=&#8221;stretch_row_content_no_spaces&#8221;][vc_column]<div class=\"gt-info-box gt-style-1 gt-align-right\"><div class=\"gt-img gt-lazy-load\" data-bg=\"https:\/\/www.transreallogistica.com.br\/wp-content\/uploads\/2020\/06\/img_servicos_transreal_04-765x825.jpg\"><div class=\"gt-overlay gt-opacity-effect-true\"><\/div><\/div><div class=\"gt-container\"><div class=\"gt-content\"><div class=\"gt-line\"><\/div><span class=\"gt-subtitle\">Armazenagem<\/span><h3 class=\"gt-title\">Seca<\/h3><div class=\"gt-excerpt\"><\/p>\n<div id=\"panel-w5d979bcc133c5-0-0-0\" class=\"so-panel widget widget_sow-editor panel-first-child\" data-index=\"0\">\n<div class=\"so-widget-sow-editor so-widget-sow-editor-base\">\n<div class=\"siteorigin-widget-tinymce textwidget\">\n<p>A nossos clientes, oferecemos amplos e modernos armaz\u00e9ns estrategicamente localizados, que contam com:<\/p>\n<\/div>\n<\/div>\n<\/div>\n<div id=\"panel-w5d979bcc133c5-0-0-1\" class=\"so-panel widget widget_sow-editor panel-last-child\" data-index=\"1\">\n<div id=\"armazenamento-strc\" class=\"panel-widget-style panel-widget-style-for-w5d979bcc133c5-0-0-1\">\n<div class=\"so-widget-sow-editor so-widget-sow-editor-base\">\n<div class=\"siteorigin-widget-tinymce textwidget\">\n<ul>\n<li>Estrutura projetada para atender toda a diversidade de armazenagem, como blocos, drive-in e porta-pallets;<\/li>\n<li>Moderno sistema de gest\u00e3o \u201cwarehouse\u201d, garantindo acuracidade em tempo real;<\/li>\n<li>WMS com capacidade de varia\u00e7\u00f5es na forma de expedi\u00e7\u00e3o.<\/li>\n<\/ul>\n<div id=\"panel-w5d979bcc133c5-0-1-1\" class=\"so-panel widget widget_sow-editor\" data-index=\"3\">\n<div class=\"panel-widget-style panel-widget-style-for-w5d979bcc133c5-0-1-1\">\n<div class=\"so-widget-sow-editor so-widget-sow-editor-base\">\n<div class=\"siteorigin-widget-tinymce textwidget\">\n<p>&nbsp;<\/p>\n<p>Para garantir a seguran\u00e7a dos produtos armazenados, possu\u00edmos:<\/p>\n<\/div>\n<\/div>\n<\/div>\n<\/div>\n<div id=\"panel-w5d979bcc133c5-0-1-2\" class=\"so-panel widget widget_sow-editor panel-last-child\" data-index=\"4\">\n<div id=\"armazenamento-sec\" class=\"panel-widget-style panel-widget-style-for-w5d979bcc133c5-0-1-2\">\n<div class=\"so-widget-sow-editor so-widget-sow-editor-base\">\n<div class=\"siteorigin-widget-tinymce textwidget\">\n<ul>\n<li>P\u00e1tios iluminados e monitorados;<\/li>\n<li>Presen\u00e7a ostensiva de seguran\u00e7a 24h;<\/li>\n<li>Equipamentos de prote\u00e7\u00e3o no per\u00edmetro;<\/li>\n<li>C\u00e2meras de vigil\u00e2ncia.<\/li>\n<\/ul>\n<\/div>\n<\/div>\n<\/div>\n<\/div>\n<\/div>\n<\/div>\n<\/div>\n<\/div>\n<p>\n<\/div><\/div><\/div><\/div>[\/vc_column][\/vc_row][vc_row full_width=&#8221;stretch_row_content_no_spaces&#8221;][vc_column]<div class=\"gt-info-box gt-style-1 gt-align-left\"><div class=\"gt-img gt-lazy-load\" data-bg=\"https:\/\/www.transreallogistica.com.br\/wp-content\/uploads\/2020\/06\/img_armazenagem-min-765x825.jpg\"><div class=\"gt-overlay gt-opacity-effect-true\"><\/div><\/div><div class=\"gt-container\"><div class=\"gt-content\"><div class=\"gt-line\"><\/div><span class=\"gt-subtitle\">Armazenagem<\/span><h3 class=\"gt-title\">Frigor\u00edfica<\/h3><div class=\"gt-excerpt\"><\/p>\n<div id=\"panel-w5d979bcc133c5-0-0-0\" class=\"so-panel widget widget_sow-editor panel-first-child\" data-index=\"0\">\n<div class=\"so-widget-sow-editor so-widget-sow-editor-base\">\n<div class=\"siteorigin-widget-tinymce textwidget\">\n<p class=\"p1\">A Trans Real oferece solu\u00e7\u00f5es log\u00edsticas integradas para clientes que necessitam de manuten\u00e7\u00e3o das cadeias de frio e umidade. A unidade operacional atende a toda regi\u00e3o de S\u00e3o Jos\u00e9 do Rio Preto e oferece uma capacidade de frio que pode chegar a at\u00e9 25\u00baC negativos, al\u00e9m de c\u00e2maras multitemperaturas para produtos congelados, supergelados, resfriados, climatizados e secos.<\/p>\n<p class=\"p1\">Com capacidade de armazenar aproximadamente 2.000 toneladas, a empresa fornece toda a estrutura na cidade de S\u00e3o Jos\u00e9 do Rio Preto para voc\u00ea condicionar seu produto refrigerado\/congelado pelo tempo necess\u00e1rio at\u00e9 sua distribui\u00e7\u00e3o.<\/p>\n<\/div>\n<\/div>\n<\/div>\n<p>\n<\/div><\/div><\/div><\/div>[\/vc_column][\/vc_row][vc_row full_width=&#8221;stretch_row&#8221; css=&#8221;.vc_custom_1591116516546{padding-top: 120px !important;padding-bottom: 120px !important;background-color: #ffffff !important;}&#8221;][vc_column width=&#8221;1\/3&#8243;]<div class=\"gt-feature-box gt-align-center gt-style-2\"><div class=\"gt-icon\"><i class=\"fas fa-warehouse\"><\/i><\/div><div class=\"gt-content\"><h3 class=\"gt-title\">Terminal de Cargas<\/h3><div class=\"gt-excerpt\"><\/p>\n<p class=\"p1\">S\u00e3o 2.500m\u00b2 de plataforma na Matriz, com 24 docas de carregamento. As filiais possuem armaz\u00e9ns de diversos tamanhos.<\/p>\n<p>\n<\/div><\/div><\/div>[\/vc_column][vc_column width=&#8221;1\/3&#8243;][\/vc_column][vc_column width=&#8221;1\/3&#8243;]<div class=\"gt-feature-box gt-align-center gt-style-2\"><div class=\"gt-icon\"><i class=\"fas fa-truck-loading\"><\/i><\/div><div class=\"gt-content\"><h3 class=\"gt-title\">Sistema de Docas<\/h3><div class=\"gt-excerpt\"><\/p>\n<p class=\"p1\">Permite o carregamento dos mais variados modelos de ve\u00edculos, com equipamentos projetados para ve\u00edculos de grande porte (bitrem).<\/p>\n<p>\n<\/div><\/div><\/div>[\/vc_column][\/vc_row][vc_row full_width=&#8221;stretch_row&#8221; full_height=&#8221;yes&#8221; content_placement=&#8221;middle&#8221; el_class=&#8221;gt-row-opacity gt-row-opacity-colored&#8221; css=&#8221;.vc_custom_1591121348360{background: #3b0f62 url(http:\/\/187.45.187.42\/~transreal\/wp-content\/uploads\/2018\/01\/img_bg_topo_servicos-min-ok.jpg?id=2887) !important;background-position: center !important;background-repeat: no-repeat !important;background-size: cover !important;}&#8221;][vc_column][vc_empty_space height=&#8221;120px&#8221;][vc_row_inner][vc_column_inner offset=&#8221;vc_col-lg-1\/5 vc_col-md-1\/5 vc_hidden-sm vc_hidden-xs&#8221;][\/vc_column_inner][vc_column_inner offset=&#8221;vc_col-lg-3\/5 vc_col-md-3\/5&#8243;]<div class=\"gt-page-heading gt-light gt-center\"><div class=\"gt-line\"><\/div><span>Solicite um Or\u00e7amento<\/span><h1>Quer conhecer melhor nossas solu\u00e7\u00f5es de log\u00edstica? Solicite um or\u00e7amento sem compromisso.<\/h1><\/div>[vc_btn title=&#8221;ENTRE EM CONTATO&#8221; style=&#8221;flat&#8221; shape=&#8221;round&#8221; color=&#8221;sky&#8221; size=&#8221;lg&#8221; align=&#8221;center&#8221; css_animation=&#8221;fadeIn&#8221; link=&#8221;url:https%3A%2F%2Fwww.transreallogistica.com.br%2F%3Fpage_id%3D291|title:Fale%20Conosco||&#8221;][\/vc_column_inner][vc_column_inner offset=&#8221;vc_col-lg-1\/5 vc_col-md-1\/5 vc_hidden-sm vc_hidden-xs&#8221;][\/vc_column_inner][\/vc_row_inner][vc_empty_space height=&#8221;120px&#8221;][\/vc_column][\/vc_row]<\/p>\n","protected":false},"excerpt":{"rendered":"<p>A nossos clientes, oferecemos amplos e modernos armaz\u00e9ns estrategicamente localizados, que contam com: estrutura projetada para atender toda a diversidade de armazenagem, como blocos, drive-in e porta-pallets; Moderno sistema de gest\u00e3o \u201cwarehouse\u201d, garantindo acuracidade em tempo real; WMS com capacidade de varia\u00e7\u00f5es na forma de expedi\u00e7\u00e3o.<\/p>\n","protected":false},"author":1,"featured_media":3499,"comment_status":"open","ping_status":"closed","template":"","meta":{"footnotes":""},"project-category":[72],"project-location":[],"project-status":[],"project-function":[],"project-client":[],"project-year":[],"class_list":["post-2915","project","type-project","status-publish","has-post-thumbnail","hentry","project-category-_"],"_links":{"self":[{"href":"https:\/\/www.transreallogistica.com.br\/index.php?rest_route=\/wp\/v2\/project\/2915","targetHints":{"allow":["GET"]}}],"collection":[{"href":"https:\/\/www.transreallogistica.com.br\/index.php?rest_route=\/wp\/v2\/project"}],"about":[{"href":"https:\/\/www.transreallogistica.com.br\/index.php?rest_route=\/wp\/v2\/types\/project"}],"author":[{"embeddable":true,"href":"https:\/\/www.transreallogistica.com.br\/index.php?rest_route=\/wp\/v2\/users\/1"}],"replies":[{"embeddable":true,"href":"https:\/\/www.transreallogistica.com.br\/index.php?rest_route=%2Fwp%2Fv2%2Fcomments&post=2915"}],"version-history":[{"count":14,"href":"https:\/\/www.transreallogistica.com.br\/index.php?rest_route=\/wp\/v2\/project\/2915\/revisions"}],"predecessor-version":[{"id":3354,"href":"https:\/\/www.transreallogistica.com.br\/index.php?rest_route=\/wp\/v2\/project\/2915\/revisions\/3354"}],"wp:featuredmedia":[{"embeddable":true,"href":"https:\/\/www.transreallogistica.com.br\/index.php?rest_route=\/wp\/v2\/media\/3499"}],"wp:attachment":[{"href":"https:\/\/www.transreallogistica.com.br\/index.php?rest_route=%2Fwp%2Fv2%2Fmedia&parent=2915"}],"wp:term":[{"taxonomy":"project-category","embeddable":true,"href":"https:\/\/www.transreallogistica.com.br\/index.php?rest_route=%2Fwp%2Fv2%2Fproject-category&post=2915"},{"taxonomy":"project-location","embeddable":true,"href":"https:\/\/www.transreallogistica.com.br\/index.php?rest_route=%2Fwp%2Fv2%2Fproject-location&post=2915"},{"taxonomy":"project-status","embeddable":true,"href":"https:\/\/www.transreallogistica.com.br\/index.php?rest_route=%2Fwp%2Fv2%2Fproject-status&post=2915"},{"taxonomy":"project-function","embeddable":true,"href":"https:\/\/www.transreallogistica.com.br\/index.php?rest_route=%2Fwp%2Fv2%2Fproject-function&post=2915"},{"taxonomy":"project-client","embeddable":true,"href":"https:\/\/www.transreallogistica.com.br\/index.php?rest_route=%2Fwp%2Fv2%2Fproject-client&post=2915"},{"taxonomy":"project-year","embeddable":true,"href":"https:\/\/www.transreallogistica.com.br\/index.php?rest_route=%2Fwp%2Fv2%2Fproject-year&post=2915"}],"curies":[{"name":"wp","href":"https:\/\/api.w.org\/{rel}","templated":true}]}}

Armazenagem Seca e Frigorífica

<p>[vc_row full_width=&#8221;stretch_row_content_no_spaces&#8221;][vc_column]<div class="gt-info-box gt-style-1 gt-align-right"><div class="gt-img gt-lazy-load" data-bg="https://www.transreallogistica.com.br/wp-content/uploads/2020/06/img_servicos_transreal_04-765x825.jpg"><div class="gt-overlay gt-opacity-effect-true"></div></div><div class="gt-container"><div class="gt-content"><div class="gt-line"></div><span class="gt-subtitle">Armazenagem</span><h3 class="gt-title">Seca</h3><div class="gt-excerpt"></p>
<div id="panel-w5d979bcc133c5-0-0-0" class="so-panel widget widget_sow-editor panel-first-child" data-index="0">
<div class="so-widget-sow-editor so-widget-sow-editor-base">
<div class="siteorigin-widget-tinymce textwidget">
<p>A nossos clientes, oferecemos amplos e modernos armazéns estrategicamente localizados, que contam com:</p>
</div>
</div>
</div>
<div id="panel-w5d979bcc133c5-0-0-1" class="so-panel widget widget_sow-editor panel-last-child" data-index="1">
<div id="armazenamento-strc" class="panel-widget-style panel-widget-style-for-w5d979bcc133c5-0-0-1">
<div class="so-widget-sow-editor so-widget-sow-editor-base">
<div class="siteorigin-widget-tinymce textwidget">
<ul>
<li>Estrutura projetada para atender toda a diversidade de armazenagem, como blocos, drive-in e porta-pallets;</li>
<li>Moderno sistema de gestão “warehouse”, garantindo acuracidade em tempo real;</li>
<li>WMS com capacidade de variações na forma de expedição.</li>
</ul>
<div id="panel-w5d979bcc133c5-0-1-1" class="so-panel widget widget_sow-editor" data-index="3">
<div class="panel-widget-style panel-widget-style-for-w5d979bcc133c5-0-1-1">
<div class="so-widget-sow-editor so-widget-sow-editor-base">
<div class="siteorigin-widget-tinymce textwidget">
<p>&nbsp;</p>
<p>Para garantir a segurança dos produtos armazenados, possuímos:</p>
</div>
</div>
</div>
</div>
<div id="panel-w5d979bcc133c5-0-1-2" class="so-panel widget widget_sow-editor panel-last-child" data-index="4">
<div id="armazenamento-sec" class="panel-widget-style panel-widget-style-for-w5d979bcc133c5-0-1-2">
<div class="so-widget-sow-editor so-widget-sow-editor-base">
<div class="siteorigin-widget-tinymce textwidget">
<ul>
<li>Pátios iluminados e monitorados;</li>
<li>Presença ostensiva de segurança 24h;</li>
<li>Equipamentos de proteção no perímetro;</li>
<li>Câmeras de vigilância.</li>
</ul>
</div>
</div>
</div>
</div>
</div>
</div>
</div>
</div>
<p>
</div></div></div></div>[/vc_column][/vc_row][vc_row full_width=&#8221;stretch_row_content_no_spaces&#8221;][vc_column]<div class="gt-info-box gt-style-1 gt-align-left"><div class="gt-img gt-lazy-load" data-bg="https://www.transreallogistica.com.br/wp-content/uploads/2020/06/img_armazenagem-min-765x825.jpg"><div class="gt-overlay gt-opacity-effect-true"></div></div><div class="gt-container"><div class="gt-content"><div class="gt-line"></div><span class="gt-subtitle">Armazenagem</span><h3 class="gt-title">Frigorífica</h3><div class="gt-excerpt"></p>
<div id="panel-w5d979bcc133c5-0-0-0" class="so-panel widget widget_sow-editor panel-first-child" data-index="0">
<div class="so-widget-sow-editor so-widget-sow-editor-base">
<div class="siteorigin-widget-tinymce textwidget">
<p class="p1">A Trans Real oferece soluções logísticas integradas para clientes que necessitam de manutenção das cadeias de frio e umidade. A unidade operacional atende a toda região de São José do Rio Preto e oferece uma capacidade de frio que pode chegar a até 25ºC negativos, além de câmaras multitemperaturas para produtos congelados, supergelados, resfriados, climatizados e secos.</p>
<p class="p1">Com capacidade de armazenar aproximadamente 2.000 toneladas, a empresa fornece toda a estrutura na cidade de São José do Rio Preto para você condicionar seu produto refrigerado/congelado pelo tempo necessário até sua distribuição.</p>
</div>
</div>
</div>
<p>
</div></div></div></div>[/vc_column][/vc_row][vc_row full_width=&#8221;stretch_row&#8221; css=&#8221;.vc_custom_1591116516546{padding-top: 120px !important;padding-bottom: 120px !important;background-color: #ffffff !important;}&#8221;][vc_column width=&#8221;1/3&#8243;]<div class="gt-feature-box gt-align-center gt-style-2"><div class="gt-icon"><i class="fas fa-warehouse"></i></div><div class="gt-content"><h3 class="gt-title">Terminal de Cargas</h3><div class="gt-excerpt"></p>
<p class="p1">São 2.500m² de plataforma na Matriz, com 24 docas de carregamento. As filiais possuem armazéns de diversos tamanhos.</p>
<p>
</div></div></div>[/vc_column][vc_column width=&#8221;1/3&#8243;][/vc_column][vc_column width=&#8221;1/3&#8243;]<div class="gt-feature-box gt-align-center gt-style-2"><div class="gt-icon"><i class="fas fa-truck-loading"></i></div><div class="gt-content"><h3 class="gt-title">Sistema de Docas</h3><div class="gt-excerpt"></p>
<p class="p1">Permite o carregamento dos mais variados modelos de veículos, com equipamentos projetados para veículos de grande porte (bitrem).</p>
<p>
</div></div></div>[/vc_column][/vc_row][vc_row full_width=&#8221;stretch_row&#8221; full_height=&#8221;yes&#8221; content_placement=&#8221;middle&#8221; el_class=&#8221;gt-row-opacity gt-row-opacity-colored&#8221; css=&#8221;.vc_custom_1591121348360{background: #3b0f62 url(http://187.45.187.42/~transreal/wp-content/uploads/2018/01/img_bg_topo_servicos-min-ok.jpg?id=2887) !important;background-position: center !important;background-repeat: no-repeat !important;background-size: cover !important;}&#8221;][vc_column][vc_empty_space height=&#8221;120px&#8221;][vc_row_inner][vc_column_inner offset=&#8221;vc_col-lg-1/5 vc_col-md-1/5 vc_hidden-sm vc_hidden-xs&#8221;][/vc_column_inner][vc_column_inner offset=&#8221;vc_col-lg-3/5 vc_col-md-3/5&#8243;]<div class="gt-page-heading gt-light gt-center"><div class="gt-line"></div><span>Solicite um Orçamento</span><h1>Quer conhecer melhor nossas soluções de logística? Solicite um orçamento sem compromisso.</h1></div>[vc_btn title=&#8221;ENTRE EM CONTATO&#8221; style=&#8221;flat&#8221; shape=&#8221;round&#8221; color=&#8221;sky&#8221; size=&#8221;lg&#8221; align=&#8221;center&#8221; css_animation=&#8221;fadeIn&#8221; link=&#8221;url:https%3A%2F%2Fwww.transreallogistica.com.br%2F%3Fpage_id%3D291|title:Fale%20Conosco||&#8221;][/vc_column_inner][vc_column_inner offset=&#8221;vc_col-lg-1/5 vc_col-md-1/5 vc_hidden-sm vc_hidden-xs&#8221;][/vc_column_inner][/vc_row_inner][vc_empty_space height=&#8221;120px&#8221;][/vc_column][/vc_row]</p>

<p>A nossos clientes, oferecemos amplos e modernos armazéns estrategicamente localizados, que contam com: estrutura projetada para atender toda a diversidade de armazenagem, como blocos, drive-in e porta-pallets; Moderno sistema de gestão “warehouse”, garantindo acuracidade em tempo real; WMS com capacidade de variações na forma de expedição.</p>
