{"id":3041,"date":"2020-06-15T17:35:09","date_gmt":"2020-06-15T20:35:09","guid":{"rendered":"http:\/\/187.45.187.42\/~transreal\/?post_type=project&#038;p=3041"},"modified":"2023-10-11T15:29:59","modified_gmt":"2023-10-11T18:29:59","slug":"pgt-programa-de-gestao-de-transportadoras","status":"publish","type":"project","link":"https:\/\/www.transreallogistica.com.br\/?project=pgt-programa-de-gestao-de-transportadoras","title":{"rendered":"PGT \u2013 Programa de Gest\u00e3o de Transportadoras"},"content":{"rendered":"<p>[vc_row][vc_column offset=&#8221;vc_col-lg-1\/5 vc_col-md-1\/5 vc_hidden-sm vc_hidden-xs&#8221;][\/vc_column][vc_column offset=&#8221;vc_col-lg-3\/5 vc_col-md-3\/5 vc_col-xs-12&#8243;][vc_empty_space height=&#8221;230px&#8221;]<div class=\"gt-page-heading gt-dark gt-center\"><div class=\"gt-line\"><\/div><span>Pessoas<\/span><h1>PGT \u2013 Programa de Gest\u00e3o de Transportadoras<\/h1><\/div>[vc_empty_space height=&#8221;115px&#8221;][\/vc_column][vc_column offset=&#8221;vc_col-lg-1\/5 vc_col-md-1\/5 vc_hidden-sm vc_hidden-xs&#8221;][\/vc_column][\/vc_row][vc_row full_width=&#8221;stretch_row&#8221;][vc_column]<div class=\"gt-slider gt-image-slider\" style=\"height: 60vh;\"><div class=\"swiper-container gt-swiper-slider\" data-gt-direction=\"horizontal\" data-gt-item=\"1\" data-gt-item-space=\"0\" data-gt-effect=\"slide\" data-gt-speed=\"1500\" data-gt-loop=\"true\" data-gt-centered-slides=\"false\" data-gt-free-mode=\"false\" data-gt-lazy-loading=\"true\"><div class=\"swiper-wrapper\"><div class=\"swiper-slide\"><div class=\"gt-img swiper-lazy gt-opacity-effect-true gt-background-position-default gt-background-attachment-default gt-background-size-default gt-background-repeat-default\" data-background=\"https:\/\/www.transreallogistica.com.br\/wp-content\/uploads\/2020\/06\/img_projetos_transreal_09.jpg\"><div class=\"swiper-lazy-preloader\"><\/div><\/div><\/div><\/div><div class=\"gt-slider-controls\"><div class=\"gt-container-full\"><div class=\"gt-slider-button gt-slider-prev\"><svg xmlns=\"http:\/\/www.w3.org\/2000\/svg\" viewBox=\"0 0 24 24\" fill=\"none\" stroke=\"currentColor\" stroke-width=\"2\" stroke-linecap=\"round\" stroke-linejoin=\"round\"><polyline points=\"15 18 9 12 15 6\"><\/polyline><\/svg><\/div><div class=\"gt-slider-button gt-slider-next\"><svg xmlns=\"http:\/\/www.w3.org\/2000\/svg\" viewBox=\"0 0 24 24\" fill=\"none\" stroke=\"currentColor\" stroke-width=\"2\" stroke-linecap=\"round\" stroke-linejoin=\"round\"><polyline points=\"9 18 15 12 9 6\"><\/polyline><\/svg><\/div><\/div><\/div><\/div><\/div>[vc_empty_space height=&#8221;115px&#8221;][\/vc_column][\/vc_row][vc_row][vc_column offset=&#8221;vc_col-lg-2 vc_col-md-2 vc_hidden-sm vc_hidden-xs&#8221;][\/vc_column][vc_column offset=&#8221;vc_col-lg-8 vc_col-md-8 vc_col-xs-12&#8243;][vc_column_text]<\/p>\n<p class=\"p1\" style=\"text-align: center;\">\u00c9 um programa que visa manter uma opera\u00e7\u00e3o de transporte segura, sustent\u00e1vel e com qualidade dentro do embarcador Marfrig. S\u00e3o avaliados quesitos como: condi\u00e7\u00f5es dos ve\u00edculos, gest\u00e3o dos condutores, documenta\u00e7\u00e3o geral da empresa, indicadores de performance, controle diversos como: manuten\u00e7\u00e3o preventiva e corretiva, controle de exames toxicol\u00f3gicos, controle de jornada, controle de pontua\u00e7\u00e3o da CNH, treinamentos semanais de seguran\u00e7a, controle de entrega de EPIs, controle de movimenta\u00e7\u00e3o de res\u00edduos perigosos dentro da empresa, lideran\u00e7a e atendimento ao cliente. Todos os itens s\u00e3o avaliados a cada 2 meses e a transportadora \u00e9 classificada em baixo, m\u00e9dia ou alto desempenho.<\/p>\n<p>Com orgulho que a Trans Real \u00e9 uma empresa de alto desempenho se destacando sempre entre as primeiras.<\/p>\n<p>[\/vc_column_text][vc_empty_space height=&#8221;80px&#8221;][\/vc_column][vc_column offset=&#8221;vc_col-lg-2 vc_col-md-2 vc_hidden-sm vc_hidden-xs&#8221;][\/vc_column][\/vc_row][vc_row gap=&#8221;35&#8243; content_placement=&#8221;middle&#8221; css=&#8221;.vc_custom_1623175187699{padding-bottom: 100px !important;}&#8221;][vc_column width=&#8221;1\/4&#8243; text-align=&#8221;center&#8221;][vc_column_text]<\/p>\n<p class=\"p1\" style=\"text-align: left;\">Em <strong>2021 e 2023<\/strong> fomos reconhecidos como <strong>a melhor transportadora em todo cen\u00e1rio nacional<\/strong>, segundo a <strong>Marfrig<\/strong> com o programa <strong>PGT<\/strong>. Agradecemos o reconhecimento e parabenizamos cada colaborador de nossa empresa que com muito empenho e dedica\u00e7\u00e3o possibilitou que tudo isso acontecesse.<\/p>\n<p>[\/vc_column_text][\/vc_column][vc_column width=&#8221;3\/4&#8243;][vc_single_image image=&#8221;3158&#8243; img_size=&#8221;800&#215;800&#8243; alignment=&#8221;center&#8221; onclick=&#8221;img_link_large&#8221; css_animation=&#8221;right-to-left&#8221;][\/vc_column][\/vc_row][vc_row full_width=&#8221;stretch_row_content_no_spaces&#8221; css=&#8221;.vc_custom_1537370052097{margin-bottom: -60px !important;}&#8221;][vc_column]<div class=\"gt-project-bg-grid gt-opacity-effect-true\"><div class=\"gt-container\"><div class=\"gt-project-list gt-style-8 gt-columns gt-column-3\"><div class=\"gt-item gt-col\"><div class=\"gt-content\"><h3 class=\"gt-title\"><a href=\"https:\/\/www.transreallogistica.com.br\/?project=cidadania-corporativa\">Cidadania Corporativa<\/a><\/h3><ul class=\"gt-cat\"><li><a href=\"https:\/\/www.transreallogistica.com.br\/?project-category=pessoas\">Pessoas<\/a><\/li><\/ul><\/div><\/div><div class=\"gt-item gt-col\"><div class=\"gt-content\"><h3 class=\"gt-title\"><a href=\"https:\/\/www.transreallogistica.com.br\/?project=programa-a-vez-e-delas\">Programa A Vez \u00e9 Delas<\/a><\/h3><ul class=\"gt-cat\"><li><a href=\"https:\/\/www.transreallogistica.com.br\/?project-category=pessoas\">Pessoas<\/a><\/li><\/ul><\/div><\/div><div class=\"gt-item gt-col\"><div class=\"gt-content\"><h3 class=\"gt-title\"><a href=\"https:\/\/www.transreallogistica.com.br\/?project=trans-real-sustentavel\">Trans Real Sustent\u00e1vel<\/a><\/h3><ul class=\"gt-cat\"><li><a href=\"https:\/\/www.transreallogistica.com.br\/?project-category=meio-ambiente\">Meio Ambiente<\/a><\/li><\/ul><\/div><\/div><div class=\"gt-item gt-col\"><div class=\"gt-content\"><h3 class=\"gt-title\"><a href=\"https:\/\/www.transreallogistica.com.br\/?project=programa-na-mao-certa\">Programa Na M\u00e3o Certa<\/a><\/h3><ul class=\"gt-cat\"><li><a href=\"https:\/\/www.transreallogistica.com.br\/?project-category=pessoas\">Pessoas<\/a><\/li><\/ul><\/div><\/div><div class=\"gt-item gt-col\"><div class=\"gt-content\"><h3 class=\"gt-title\"><a href=\"https:\/\/www.transreallogistica.com.br\/?project=pgt-programa-de-gestao-de-transportadoras\">PGT \u2013 Programa de Gest\u00e3o de Transportadoras<\/a><\/h3><ul class=\"gt-cat\"><li><a href=\"https:\/\/www.transreallogistica.com.br\/?project-category=pessoas\">Pessoas<\/a><\/li><\/ul><\/div><\/div><div class=\"gt-item gt-col\"><div class=\"gt-content\"><h3 class=\"gt-title\"><a href=\"https:\/\/www.transreallogistica.com.br\/?project=coleta-de-residuos\">Coleta de Res\u00edduos<\/a><\/h3><ul class=\"gt-cat\"><li><a href=\"https:\/\/www.transreallogistica.com.br\/?project-category=meio-ambiente\">Meio Ambiente<\/a><\/li><\/ul><\/div><\/div><div class=\"gt-item gt-col\"><div class=\"gt-content\"><h3 class=\"gt-title\"><a href=\"https:\/\/www.transreallogistica.com.br\/?project=maio-amarelo\">Maio Amarelo<\/a><\/h3><ul class=\"gt-cat\"><li><a href=\"https:\/\/www.transreallogistica.com.br\/?project-category=pessoas\">Pessoas<\/a><\/li><\/ul><\/div><\/div><div class=\"gt-item gt-col\"><div class=\"gt-content\"><h3 class=\"gt-title\"><a href=\"https:\/\/www.transreallogistica.com.br\/?project=treinamentos-e-capacitacao\">Treinamentos e Capacita\u00e7\u00e3o<\/a><\/h3><ul class=\"gt-cat\"><li><a href=\"https:\/\/www.transreallogistica.com.br\/?project-category=pessoas\">Pessoas<\/a><\/li><\/ul><\/div><\/div><\/div><\/div><div class=\"gt-project-img-list\"><div class=\"gt-image gt-active gt-lazy-load\" data-bg=\"https:\/\/www.transreallogistica.com.br\/wp-content\/uploads\/2024\/04\/jovens-colegas-trabalhando-juntos-em-um-cafe2.jpg\"><\/div><div class=\"gt-image gt-lazy-load\" data-bg=\"https:\/\/www.transreallogistica.com.br\/wp-content\/uploads\/2024\/04\/323894801_721208692649468_884665604557267479_n.jpeg\"><\/div><div class=\"gt-image gt-lazy-load\" data-bg=\"https:\/\/www.transreallogistica.com.br\/wp-content\/uploads\/2021\/02\/img_transreal_sustentavel-1920x1200.jpg\"><\/div><div class=\"gt-image gt-lazy-load\" data-bg=\"https:\/\/www.transreallogistica.com.br\/wp-content\/uploads\/2020\/06\/img_projetos_transreal_10-1920x1200.jpg\"><\/div><div class=\"gt-image gt-lazy-load\" data-bg=\"https:\/\/www.transreallogistica.com.br\/wp-content\/uploads\/2020\/06\/img_projetos_transreal_09-1920x1200.jpg\"><\/div><div class=\"gt-image gt-lazy-load\" data-bg=\"https:\/\/www.transreallogistica.com.br\/wp-content\/uploads\/2020\/06\/img_projetos_transreal_05-1920x1200.jpg\"><\/div><div class=\"gt-image gt-lazy-load\" data-bg=\"https:\/\/www.transreallogistica.com.br\/wp-content\/uploads\/2020\/06\/img_projetos_transreal_03-1920x1200.jpg\"><\/div><div class=\"gt-image gt-lazy-load\" data-bg=\"https:\/\/www.transreallogistica.com.br\/wp-content\/uploads\/2020\/06\/img_projetos_transreal_01-1920x1200.jpg\"><\/div><\/div><\/div>[\/vc_column][\/vc_row]<\/p>\n","protected":false},"excerpt":{"rendered":"<p>A Trans Real est\u00e1 comprometida com a busca cont\u00ednua da redu\u00e7\u00e3o de situa\u00e7\u00f5es de riscos prejudiciais ao meio ambiente.<\/p>\n","protected":false},"author":1,"featured_media":3043,"comment_status":"open","ping_status":"closed","template":"","meta":{"footnotes":""},"project-category":[75],"project-location":[],"project-status":[],"project-function":[],"project-client":[],"project-year":[],"class_list":["post-3041","project","type-project","status-publish","has-post-thumbnail","hentry","project-category-pessoas"],"_links":{"self":[{"href":"https:\/\/www.transreallogistica.com.br\/index.php?rest_route=\/wp\/v2\/project\/3041","targetHints":{"allow":["GET"]}}],"collection":[{"href":"https:\/\/www.transreallogistica.com.br\/index.php?rest_route=\/wp\/v2\/project"}],"about":[{"href":"https:\/\/www.transreallogistica.com.br\/index.php?rest_route=\/wp\/v2\/types\/project"}],"author":[{"embeddable":true,"href":"https:\/\/www.transreallogistica.com.br\/index.php?rest_route=\/wp\/v2\/users\/1"}],"replies":[{"embeddable":true,"href":"https:\/\/www.transreallogistica.com.br\/index.php?rest_route=%2Fwp%2Fv2%2Fcomments&post=3041"}],"version-history":[{"count":17,"href":"https:\/\/www.transreallogistica.com.br\/index.php?rest_route=\/wp\/v2\/project\/3041\/revisions"}],"predecessor-version":[{"id":3242,"href":"https:\/\/www.transreallogistica.com.br\/index.php?rest_route=\/wp\/v2\/project\/3041\/revisions\/3242"}],"wp:featuredmedia":[{"embeddable":true,"href":"https:\/\/www.transreallogistica.com.br\/index.php?rest_route=\/wp\/v2\/media\/3043"}],"wp:attachment":[{"href":"https:\/\/www.transreallogistica.com.br\/index.php?rest_route=%2Fwp%2Fv2%2Fmedia&parent=3041"}],"wp:term":[{"taxonomy":"project-category","embeddable":true,"href":"https:\/\/www.transreallogistica.com.br\/index.php?rest_route=%2Fwp%2Fv2%2Fproject-category&post=3041"},{"taxonomy":"project-location","embeddable":true,"href":"https:\/\/www.transreallogistica.com.br\/index.php?rest_route=%2Fwp%2Fv2%2Fproject-location&post=3041"},{"taxonomy":"project-status","embeddable":true,"href":"https:\/\/www.transreallogistica.com.br\/index.php?rest_route=%2Fwp%2Fv2%2Fproject-status&post=3041"},{"taxonomy":"project-function","embeddable":true,"href":"https:\/\/www.transreallogistica.com.br\/index.php?rest_route=%2Fwp%2Fv2%2Fproject-function&post=3041"},{"taxonomy":"project-client","embeddable":true,"href":"https:\/\/www.transreallogistica.com.br\/index.php?rest_route=%2Fwp%2Fv2%2Fproject-client&post=3041"},{"taxonomy":"project-year","embeddable":true,"href":"https:\/\/www.transreallogistica.com.br\/index.php?rest_route=%2Fwp%2Fv2%2Fproject-year&post=3041"}],"curies":[{"name":"wp","href":"https:\/\/api.w.org\/{rel}","templated":true}]}}

PGT – Programa de Gestão de Transportadoras

<p>[vc_row][vc_column offset=&#8221;vc_col-lg-1/5 vc_col-md-1/5 vc_hidden-sm vc_hidden-xs&#8221;][/vc_column][vc_column offset=&#8221;vc_col-lg-3/5 vc_col-md-3/5 vc_col-xs-12&#8243;][vc_empty_space height=&#8221;230px&#8221;]<div class="gt-page-heading gt-dark gt-center"><div class="gt-line"></div><span>Pessoas</span><h1>PGT – Programa de Gestão de Transportadoras</h1></div>[vc_empty_space height=&#8221;115px&#8221;][/vc_column][vc_column offset=&#8221;vc_col-lg-1/5 vc_col-md-1/5 vc_hidden-sm vc_hidden-xs&#8221;][/vc_column][/vc_row][vc_row full_width=&#8221;stretch_row&#8221;][vc_column]<div class="gt-slider gt-image-slider" style="height: 60vh;"><div class="swiper-container gt-swiper-slider" data-gt-direction="horizontal" data-gt-item="1" data-gt-item-space="0" data-gt-effect="slide" data-gt-speed="1500" data-gt-loop="true" data-gt-centered-slides="false" data-gt-free-mode="false" data-gt-lazy-loading="true"><div class="swiper-wrapper"><div class="swiper-slide"><div class="gt-img swiper-lazy gt-opacity-effect-true gt-background-position-default gt-background-attachment-default gt-background-size-default gt-background-repeat-default" data-background="https://www.transreallogistica.com.br/wp-content/uploads/2020/06/img_projetos_transreal_09.jpg"><div class="swiper-lazy-preloader"></div></div></div></div><div class="gt-slider-controls"><div class="gt-container-full"><div class="gt-slider-button gt-slider-prev"><svg xmlns="http://www.w3.org/2000/svg" viewBox="0 0 24 24" fill="none" stroke="currentColor" stroke-width="2" stroke-linecap="round" stroke-linejoin="round"><polyline points="15 18 9 12 15 6"></polyline></svg></div><div class="gt-slider-button gt-slider-next"><svg xmlns="http://www.w3.org/2000/svg" viewBox="0 0 24 24" fill="none" stroke="currentColor" stroke-width="2" stroke-linecap="round" stroke-linejoin="round"><polyline points="9 18 15 12 9 6"></polyline></svg></div></div></div></div></div>[vc_empty_space height=&#8221;115px&#8221;][/vc_column][/vc_row][vc_row][vc_column offset=&#8221;vc_col-lg-2 vc_col-md-2 vc_hidden-sm vc_hidden-xs&#8221;][/vc_column][vc_column offset=&#8221;vc_col-lg-8 vc_col-md-8 vc_col-xs-12&#8243;][vc_column_text]</p>
<p class="p1" style="text-align: center;">É um programa que visa manter uma operação de transporte segura, sustentável e com qualidade dentro do embarcador Marfrig. São avaliados quesitos como: condições dos veículos, gestão dos condutores, documentação geral da empresa, indicadores de performance, controle diversos como: manutenção preventiva e corretiva, controle de exames toxicológicos, controle de jornada, controle de pontuação da CNH, treinamentos semanais de segurança, controle de entrega de EPIs, controle de movimentação de resíduos perigosos dentro da empresa, liderança e atendimento ao cliente. Todos os itens são avaliados a cada 2 meses e a transportadora é classificada em baixo, média ou alto desempenho.</p>
<p>Com orgulho que a Trans Real é uma empresa de alto desempenho se destacando sempre entre as primeiras.</p>
<p>[/vc_column_text][vc_empty_space height=&#8221;80px&#8221;][/vc_column][vc_column offset=&#8221;vc_col-lg-2 vc_col-md-2 vc_hidden-sm vc_hidden-xs&#8221;][/vc_column][/vc_row][vc_row gap=&#8221;35&#8243; content_placement=&#8221;middle&#8221; css=&#8221;.vc_custom_1623175187699{padding-bottom: 100px !important;}&#8221;][vc_column width=&#8221;1/4&#8243; text-align=&#8221;center&#8221;][vc_column_text]</p>
<p class="p1" style="text-align: left;">Em <strong>2021 e 2023</strong> fomos reconhecidos como <strong>a melhor transportadora em todo cenário nacional</strong>, segundo a <strong>Marfrig</strong> com o programa <strong>PGT</strong>. Agradecemos o reconhecimento e parabenizamos cada colaborador de nossa empresa que com muito empenho e dedicação possibilitou que tudo isso acontecesse.</p>
<p>[/vc_column_text][/vc_column][vc_column width=&#8221;3/4&#8243;][vc_single_image image=&#8221;3158&#8243; img_size=&#8221;800&#215;800&#8243; alignment=&#8221;center&#8221; onclick=&#8221;img_link_large&#8221; css_animation=&#8221;right-to-left&#8221;][/vc_column][/vc_row][vc_row full_width=&#8221;stretch_row_content_no_spaces&#8221; css=&#8221;.vc_custom_1537370052097{margin-bottom: -60px !important;}&#8221;][vc_column]<div class="gt-project-bg-grid gt-opacity-effect-true"><div class="gt-container"><div class="gt-project-list gt-style-8 gt-columns gt-column-3"><div class="gt-item gt-col"><div class="gt-content"><h3 class="gt-title"><a href="https://www.transreallogistica.com.br/?project=cidadania-corporativa">Cidadania Corporativa</a></h3><ul class="gt-cat"><li><a href="https://www.transreallogistica.com.br/?project-category=pessoas">Pessoas</a></li></ul></div></div><div class="gt-item gt-col"><div class="gt-content"><h3 class="gt-title"><a href="https://www.transreallogistica.com.br/?project=programa-a-vez-e-delas">Programa A Vez é Delas</a></h3><ul class="gt-cat"><li><a href="https://www.transreallogistica.com.br/?project-category=pessoas">Pessoas</a></li></ul></div></div><div class="gt-item gt-col"><div class="gt-content"><h3 class="gt-title"><a href="https://www.transreallogistica.com.br/?project=trans-real-sustentavel">Trans Real Sustentável</a></h3><ul class="gt-cat"><li><a href="https://www.transreallogistica.com.br/?project-category=meio-ambiente">Meio Ambiente</a></li></ul></div></div><div class="gt-item gt-col"><div class="gt-content"><h3 class="gt-title"><a href="https://www.transreallogistica.com.br/?project=programa-na-mao-certa">Programa Na Mão Certa</a></h3><ul class="gt-cat"><li><a href="https://www.transreallogistica.com.br/?project-category=pessoas">Pessoas</a></li></ul></div></div><div class="gt-item gt-col"><div class="gt-content"><h3 class="gt-title"><a href="https://www.transreallogistica.com.br/?project=pgt-programa-de-gestao-de-transportadoras">PGT – Programa de Gestão de Transportadoras</a></h3><ul class="gt-cat"><li><a href="https://www.transreallogistica.com.br/?project-category=pessoas">Pessoas</a></li></ul></div></div><div class="gt-item gt-col"><div class="gt-content"><h3 class="gt-title"><a href="https://www.transreallogistica.com.br/?project=coleta-de-residuos">Coleta de Resíduos</a></h3><ul class="gt-cat"><li><a href="https://www.transreallogistica.com.br/?project-category=meio-ambiente">Meio Ambiente</a></li></ul></div></div><div class="gt-item gt-col"><div class="gt-content"><h3 class="gt-title"><a href="https://www.transreallogistica.com.br/?project=maio-amarelo">Maio Amarelo</a></h3><ul class="gt-cat"><li><a href="https://www.transreallogistica.com.br/?project-category=pessoas">Pessoas</a></li></ul></div></div><div class="gt-item gt-col"><div class="gt-content"><h3 class="gt-title"><a href="https://www.transreallogistica.com.br/?project=treinamentos-e-capacitacao">Treinamentos e Capacitação</a></h3><ul class="gt-cat"><li><a href="https://www.transreallogistica.com.br/?project-category=pessoas">Pessoas</a></li></ul></div></div></div></div><div class="gt-project-img-list"><div class="gt-image gt-active gt-lazy-load" data-bg="https://www.transreallogistica.com.br/wp-content/uploads/2024/04/jovens-colegas-trabalhando-juntos-em-um-cafe2.jpg"></div><div class="gt-image gt-lazy-load" data-bg="https://www.transreallogistica.com.br/wp-content/uploads/2024/04/323894801_721208692649468_884665604557267479_n.jpeg"></div><div class="gt-image gt-lazy-load" data-bg="https://www.transreallogistica.com.br/wp-content/uploads/2021/02/img_transreal_sustentavel-1920x1200.jpg"></div><div class="gt-image gt-lazy-load" data-bg="https://www.transreallogistica.com.br/wp-content/uploads/2020/06/img_projetos_transreal_10-1920x1200.jpg"></div><div class="gt-image gt-lazy-load" data-bg="https://www.transreallogistica.com.br/wp-content/uploads/2020/06/img_projetos_transreal_09-1920x1200.jpg"></div><div class="gt-image gt-lazy-load" data-bg="https://www.transreallogistica.com.br/wp-content/uploads/2020/06/img_projetos_transreal_05-1920x1200.jpg"></div><div class="gt-image gt-lazy-load" data-bg="https://www.transreallogistica.com.br/wp-content/uploads/2020/06/img_projetos_transreal_03-1920x1200.jpg"></div><div class="gt-image gt-lazy-load" data-bg="https://www.transreallogistica.com.br/wp-content/uploads/2020/06/img_projetos_transreal_01-1920x1200.jpg"></div></div></div>[/vc_column][/vc_row]</p>

<p>A Trans Real está comprometida com a busca contínua da redução de situações de riscos prejudiciais ao meio ambiente.</p>
