{"id":3331,"date":"2024-04-12T11:02:58","date_gmt":"2024-04-12T14:02:58","guid":{"rendered":"https:\/\/www.transreallogistica.com.br\/?post_type=project&#038;p=3331"},"modified":"2024-05-24T19:00:13","modified_gmt":"2024-05-24T22:00:13","slug":"programa-a-vez-e-delas","status":"publish","type":"project","link":"https:\/\/www.transreallogistica.com.br\/?project=programa-a-vez-e-delas","title":{"rendered":"Programa A Vez \u00e9 Delas"},"content":{"rendered":"<p>[vc_row][vc_column offset=&#8221;vc_col-lg-1\/5 vc_col-md-1\/5 vc_hidden-sm vc_hidden-xs&#8221;][\/vc_column][vc_column offset=&#8221;vc_col-lg-3\/5 vc_col-md-3\/5 vc_col-xs-12&#8243;][vc_empty_space height=&#8221;230px&#8221;]<div class=\"gt-page-heading gt-dark gt-center\"><div class=\"gt-line\"><\/div><span>Programa<\/span><h1>A Vez \u00e9 Delas<\/h1><\/div>[vc_empty_space height=&#8221;115px&#8221;][\/vc_column][vc_column offset=&#8221;vc_col-lg-1\/5 vc_col-md-1\/5 vc_hidden-sm vc_hidden-xs&#8221;][\/vc_column][\/vc_row][vc_row full_width=&#8221;stretch_row&#8221;][vc_column]<div class=\"gt-slider gt-image-slider\" style=\"height: 700px;\"><div class=\"swiper-container gt-swiper-slider\" data-gt-direction=\"horizontal\" data-gt-item=\"2\" data-gt-item-space=\"2\" data-gt-effect=\"slide\" data-gt-speed=\"1500\" data-gt-loop=\"true\" data-gt-centered-slides=\"false\" data-gt-free-mode=\"false\" data-gt-lazy-loading=\"true\"><div class=\"swiper-wrapper\"><div class=\"swiper-slide\"><div class=\"gt-img swiper-lazy gt-opacity-effect-true gt-background-position-default gt-background-attachment-default gt-background-size-default gt-background-repeat-default\" data-background=\"https:\/\/www.transreallogistica.com.br\/wp-content\/uploads\/2024\/04\/323894801_721208692649468_884665604557267479_n.jpeg\"><div class=\"swiper-lazy-preloader\"><\/div><\/div><\/div><div class=\"swiper-slide\"><div class=\"gt-img swiper-lazy gt-opacity-effect-true gt-background-position-default gt-background-attachment-default gt-background-size-default gt-background-repeat-default\" data-background=\"https:\/\/www.transreallogistica.com.br\/wp-content\/uploads\/2024\/04\/323582924_539819591217683_8273517018244950156_n.jpeg\"><div class=\"swiper-lazy-preloader\"><\/div><\/div><\/div><div class=\"swiper-slide\"><div class=\"gt-img swiper-lazy gt-opacity-effect-true gt-background-position-default gt-background-attachment-default gt-background-size-default gt-background-repeat-default\" data-background=\"https:\/\/www.transreallogistica.com.br\/wp-content\/uploads\/2024\/04\/324019737_1240762419985848_6638195890555718187_n.jpeg\"><div class=\"swiper-lazy-preloader\"><\/div><\/div><\/div><div class=\"swiper-slide\"><div class=\"gt-img swiper-lazy gt-opacity-effect-true gt-background-position-default gt-background-attachment-default gt-background-size-default gt-background-repeat-default\" data-background=\"https:\/\/www.transreallogistica.com.br\/wp-content\/uploads\/2024\/04\/323779803_691243162442173_6372841209586141967_n.jpeg\"><div class=\"swiper-lazy-preloader\"><\/div><\/div><\/div><div class=\"swiper-slide\"><div class=\"gt-img swiper-lazy gt-opacity-effect-true gt-background-position-default gt-background-attachment-default gt-background-size-default gt-background-repeat-default\" data-background=\"https:\/\/www.transreallogistica.com.br\/wp-content\/uploads\/2024\/04\/323889265_477698144545027_3373370748524802184_n.jpeg\"><div class=\"swiper-lazy-preloader\"><\/div><\/div><\/div><\/div><div class=\"gt-slider-controls\"><div class=\"gt-container-full\"><div class=\"gt-slider-button gt-slider-prev\"><svg xmlns=\"http:\/\/www.w3.org\/2000\/svg\" viewBox=\"0 0 24 24\" fill=\"none\" stroke=\"currentColor\" stroke-width=\"2\" stroke-linecap=\"round\" stroke-linejoin=\"round\"><polyline points=\"15 18 9 12 15 6\"><\/polyline><\/svg><\/div><div class=\"gt-slider-button gt-slider-next\"><svg xmlns=\"http:\/\/www.w3.org\/2000\/svg\" viewBox=\"0 0 24 24\" fill=\"none\" stroke=\"currentColor\" stroke-width=\"2\" stroke-linecap=\"round\" stroke-linejoin=\"round\"><polyline points=\"9 18 15 12 9 6\"><\/polyline><\/svg><\/div><\/div><\/div><\/div><\/div>[vc_empty_space height=&#8221;115px&#8221;][\/vc_column][\/vc_row][vc_row][vc_column offset=&#8221;vc_col-lg-2 vc_col-md-2 vc_hidden-sm vc_hidden-xs&#8221;][\/vc_column][vc_column offset=&#8221;vc_col-lg-8 vc_col-md-8 vc_col-xs-12&#8243;][vc_column_text]<\/p>\n<p class=\"p1\" style=\"text-align: center;\">A Trans Real \u00e9 uma apoiadora do projeto Vez &amp; Voz &#8211; Mulheres no TRC que visa valorizar as mulheres que trabalham no setor de transporte rodovi\u00e1rio de cargas, fomentar o crescimento profissional delas dentro do pr\u00f3prio setor e atrair novos talentos para o TRC. A Trans Real \u00e9 uma empresa parceira desse projeto e fomenta a\u00e7\u00f5es internas com o intuito de criar uma rede de apoio e incentivo para discutir outros assuntos que permeiam os diversos universos femininos, al\u00e9m de dar oportunidades para elas ocuparem diversos cargos dentro da empresa.<\/p>\n<p>[\/vc_column_text][vc_empty_space height=&#8221;80px&#8221;][vc_single_image image=&#8221;3404&#8243; img_size=&#8221;&#8221; alignment=&#8221;center&#8221;][vc_empty_space height=&#8221;80px&#8221;][\/vc_column][vc_column offset=&#8221;vc_col-lg-2 vc_col-md-2 vc_hidden-sm vc_hidden-xs&#8221;][\/vc_column][\/vc_row][vc_row full_width=&#8221;stretch_row_content_no_spaces&#8221; css=&#8221;.vc_custom_1537370052097{margin-bottom: -60px !important;}&#8221;][vc_column]<div class=\"gt-project-bg-grid gt-opacity-effect-true\"><div class=\"gt-container\"><div class=\"gt-project-list gt-style-8 gt-columns gt-column-3\"><div class=\"gt-item gt-col\"><div class=\"gt-content\"><h3 class=\"gt-title\"><a href=\"https:\/\/www.transreallogistica.com.br\/?project=cidadania-corporativa\">Cidadania Corporativa<\/a><\/h3><ul class=\"gt-cat\"><li><a href=\"https:\/\/www.transreallogistica.com.br\/?project-category=pessoas\">Pessoas<\/a><\/li><\/ul><\/div><\/div><div class=\"gt-item gt-col\"><div class=\"gt-content\"><h3 class=\"gt-title\"><a href=\"https:\/\/www.transreallogistica.com.br\/?project=programa-a-vez-e-delas\">Programa A Vez \u00e9 Delas<\/a><\/h3><ul class=\"gt-cat\"><li><a href=\"https:\/\/www.transreallogistica.com.br\/?project-category=pessoas\">Pessoas<\/a><\/li><\/ul><\/div><\/div><div class=\"gt-item gt-col\"><div class=\"gt-content\"><h3 class=\"gt-title\"><a href=\"https:\/\/www.transreallogistica.com.br\/?project=trans-real-sustentavel\">Trans Real Sustent\u00e1vel<\/a><\/h3><ul class=\"gt-cat\"><li><a href=\"https:\/\/www.transreallogistica.com.br\/?project-category=meio-ambiente\">Meio Ambiente<\/a><\/li><\/ul><\/div><\/div><div class=\"gt-item gt-col\"><div class=\"gt-content\"><h3 class=\"gt-title\"><a href=\"https:\/\/www.transreallogistica.com.br\/?project=programa-na-mao-certa\">Programa Na M\u00e3o Certa<\/a><\/h3><ul class=\"gt-cat\"><li><a href=\"https:\/\/www.transreallogistica.com.br\/?project-category=pessoas\">Pessoas<\/a><\/li><\/ul><\/div><\/div><div class=\"gt-item gt-col\"><div class=\"gt-content\"><h3 class=\"gt-title\"><a href=\"https:\/\/www.transreallogistica.com.br\/?project=pgt-programa-de-gestao-de-transportadoras\">PGT \u2013 Programa de Gest\u00e3o de Transportadoras<\/a><\/h3><ul class=\"gt-cat\"><li><a href=\"https:\/\/www.transreallogistica.com.br\/?project-category=pessoas\">Pessoas<\/a><\/li><\/ul><\/div><\/div><div class=\"gt-item gt-col\"><div class=\"gt-content\"><h3 class=\"gt-title\"><a href=\"https:\/\/www.transreallogistica.com.br\/?project=coleta-de-residuos\">Coleta de Res\u00edduos<\/a><\/h3><ul class=\"gt-cat\"><li><a href=\"https:\/\/www.transreallogistica.com.br\/?project-category=meio-ambiente\">Meio Ambiente<\/a><\/li><\/ul><\/div><\/div><div class=\"gt-item gt-col\"><div class=\"gt-content\"><h3 class=\"gt-title\"><a href=\"https:\/\/www.transreallogistica.com.br\/?project=maio-amarelo\">Maio Amarelo<\/a><\/h3><ul class=\"gt-cat\"><li><a href=\"https:\/\/www.transreallogistica.com.br\/?project-category=pessoas\">Pessoas<\/a><\/li><\/ul><\/div><\/div><div class=\"gt-item gt-col\"><div class=\"gt-content\"><h3 class=\"gt-title\"><a href=\"https:\/\/www.transreallogistica.com.br\/?project=treinamentos-e-capacitacao\">Treinamentos e Capacita\u00e7\u00e3o<\/a><\/h3><ul class=\"gt-cat\"><li><a href=\"https:\/\/www.transreallogistica.com.br\/?project-category=pessoas\">Pessoas<\/a><\/li><\/ul><\/div><\/div><\/div><\/div><div class=\"gt-project-img-list\"><div class=\"gt-image gt-active gt-lazy-load\" data-bg=\"https:\/\/www.transreallogistica.com.br\/wp-content\/uploads\/2024\/04\/jovens-colegas-trabalhando-juntos-em-um-cafe2.jpg\"><\/div><div class=\"gt-image gt-lazy-load\" data-bg=\"https:\/\/www.transreallogistica.com.br\/wp-content\/uploads\/2024\/04\/323894801_721208692649468_884665604557267479_n.jpeg\"><\/div><div class=\"gt-image gt-lazy-load\" data-bg=\"https:\/\/www.transreallogistica.com.br\/wp-content\/uploads\/2021\/02\/img_transreal_sustentavel-1920x1200.jpg\"><\/div><div class=\"gt-image gt-lazy-load\" data-bg=\"https:\/\/www.transreallogistica.com.br\/wp-content\/uploads\/2020\/06\/img_projetos_transreal_10-1920x1200.jpg\"><\/div><div class=\"gt-image gt-lazy-load\" data-bg=\"https:\/\/www.transreallogistica.com.br\/wp-content\/uploads\/2020\/06\/img_projetos_transreal_09-1920x1200.jpg\"><\/div><div class=\"gt-image gt-lazy-load\" data-bg=\"https:\/\/www.transreallogistica.com.br\/wp-content\/uploads\/2020\/06\/img_projetos_transreal_05-1920x1200.jpg\"><\/div><div class=\"gt-image gt-lazy-load\" data-bg=\"https:\/\/www.transreallogistica.com.br\/wp-content\/uploads\/2020\/06\/img_projetos_transreal_03-1920x1200.jpg\"><\/div><div class=\"gt-image gt-lazy-load\" data-bg=\"https:\/\/www.transreallogistica.com.br\/wp-content\/uploads\/2020\/06\/img_projetos_transreal_01-1920x1200.jpg\"><\/div><\/div><\/div>[\/vc_column][\/vc_row]<\/p>\n","protected":false},"excerpt":{"rendered":"<p>A Trans Real \u00e9 uma apoiadora do projeto Vez &#038; Voz &#8211; Mulheres no TRC que visa valorizar as mulheres que trabalham no setor de transporte rodovi\u00e1rio de cargas, fomentar o crescimento profissional delas dentro do pr\u00f3prio setor e atrair novos talentos para o TRC.<\/p>\n","protected":false},"author":1,"featured_media":3335,"comment_status":"open","ping_status":"closed","template":"","meta":{"footnotes":""},"project-category":[75],"project-location":[],"project-status":[],"project-function":[],"project-client":[],"project-year":[],"class_list":["post-3331","project","type-project","status-publish","has-post-thumbnail","hentry","project-category-pessoas"],"_links":{"self":[{"href":"https:\/\/www.transreallogistica.com.br\/index.php?rest_route=\/wp\/v2\/project\/3331","targetHints":{"allow":["GET"]}}],"collection":[{"href":"https:\/\/www.transreallogistica.com.br\/index.php?rest_route=\/wp\/v2\/project"}],"about":[{"href":"https:\/\/www.transreallogistica.com.br\/index.php?rest_route=\/wp\/v2\/types\/project"}],"author":[{"embeddable":true,"href":"https:\/\/www.transreallogistica.com.br\/index.php?rest_route=\/wp\/v2\/users\/1"}],"replies":[{"embeddable":true,"href":"https:\/\/www.transreallogistica.com.br\/index.php?rest_route=%2Fwp%2Fv2%2Fcomments&post=3331"}],"version-history":[{"count":11,"href":"https:\/\/www.transreallogistica.com.br\/index.php?rest_route=\/wp\/v2\/project\/3331\/revisions"}],"predecessor-version":[{"id":3408,"href":"https:\/\/www.transreallogistica.com.br\/index.php?rest_route=\/wp\/v2\/project\/3331\/revisions\/3408"}],"wp:featuredmedia":[{"embeddable":true,"href":"https:\/\/www.transreallogistica.com.br\/index.php?rest_route=\/wp\/v2\/media\/3335"}],"wp:attachment":[{"href":"https:\/\/www.transreallogistica.com.br\/index.php?rest_route=%2Fwp%2Fv2%2Fmedia&parent=3331"}],"wp:term":[{"taxonomy":"project-category","embeddable":true,"href":"https:\/\/www.transreallogistica.com.br\/index.php?rest_route=%2Fwp%2Fv2%2Fproject-category&post=3331"},{"taxonomy":"project-location","embeddable":true,"href":"https:\/\/www.transreallogistica.com.br\/index.php?rest_route=%2Fwp%2Fv2%2Fproject-location&post=3331"},{"taxonomy":"project-status","embeddable":true,"href":"https:\/\/www.transreallogistica.com.br\/index.php?rest_route=%2Fwp%2Fv2%2Fproject-status&post=3331"},{"taxonomy":"project-function","embeddable":true,"href":"https:\/\/www.transreallogistica.com.br\/index.php?rest_route=%2Fwp%2Fv2%2Fproject-function&post=3331"},{"taxonomy":"project-client","embeddable":true,"href":"https:\/\/www.transreallogistica.com.br\/index.php?rest_route=%2Fwp%2Fv2%2Fproject-client&post=3331"},{"taxonomy":"project-year","embeddable":true,"href":"https:\/\/www.transreallogistica.com.br\/index.php?rest_route=%2Fwp%2Fv2%2Fproject-year&post=3331"}],"curies":[{"name":"wp","href":"https:\/\/api.w.org\/{rel}","templated":true}]}}

Programa A Vez é Delas

<p>[vc_row][vc_column offset=&#8221;vc_col-lg-1/5 vc_col-md-1/5 vc_hidden-sm vc_hidden-xs&#8221;][/vc_column][vc_column offset=&#8221;vc_col-lg-3/5 vc_col-md-3/5 vc_col-xs-12&#8243;][vc_empty_space height=&#8221;230px&#8221;]<div class="gt-page-heading gt-dark gt-center"><div class="gt-line"></div><span>Programa</span><h1>A Vez é Delas</h1></div>[vc_empty_space height=&#8221;115px&#8221;][/vc_column][vc_column offset=&#8221;vc_col-lg-1/5 vc_col-md-1/5 vc_hidden-sm vc_hidden-xs&#8221;][/vc_column][/vc_row][vc_row full_width=&#8221;stretch_row&#8221;][vc_column]<div class="gt-slider gt-image-slider" style="height: 700px;"><div class="swiper-container gt-swiper-slider" data-gt-direction="horizontal" data-gt-item="2" data-gt-item-space="2" data-gt-effect="slide" data-gt-speed="1500" data-gt-loop="true" data-gt-centered-slides="false" data-gt-free-mode="false" data-gt-lazy-loading="true"><div class="swiper-wrapper"><div class="swiper-slide"><div class="gt-img swiper-lazy gt-opacity-effect-true gt-background-position-default gt-background-attachment-default gt-background-size-default gt-background-repeat-default" data-background="https://www.transreallogistica.com.br/wp-content/uploads/2024/04/323894801_721208692649468_884665604557267479_n.jpeg"><div class="swiper-lazy-preloader"></div></div></div><div class="swiper-slide"><div class="gt-img swiper-lazy gt-opacity-effect-true gt-background-position-default gt-background-attachment-default gt-background-size-default gt-background-repeat-default" data-background="https://www.transreallogistica.com.br/wp-content/uploads/2024/04/323582924_539819591217683_8273517018244950156_n.jpeg"><div class="swiper-lazy-preloader"></div></div></div><div class="swiper-slide"><div class="gt-img swiper-lazy gt-opacity-effect-true gt-background-position-default gt-background-attachment-default gt-background-size-default gt-background-repeat-default" data-background="https://www.transreallogistica.com.br/wp-content/uploads/2024/04/324019737_1240762419985848_6638195890555718187_n.jpeg"><div class="swiper-lazy-preloader"></div></div></div><div class="swiper-slide"><div class="gt-img swiper-lazy gt-opacity-effect-true gt-background-position-default gt-background-attachment-default gt-background-size-default gt-background-repeat-default" data-background="https://www.transreallogistica.com.br/wp-content/uploads/2024/04/323779803_691243162442173_6372841209586141967_n.jpeg"><div class="swiper-lazy-preloader"></div></div></div><div class="swiper-slide"><div class="gt-img swiper-lazy gt-opacity-effect-true gt-background-position-default gt-background-attachment-default gt-background-size-default gt-background-repeat-default" data-background="https://www.transreallogistica.com.br/wp-content/uploads/2024/04/323889265_477698144545027_3373370748524802184_n.jpeg"><div class="swiper-lazy-preloader"></div></div></div></div><div class="gt-slider-controls"><div class="gt-container-full"><div class="gt-slider-button gt-slider-prev"><svg xmlns="http://www.w3.org/2000/svg" viewBox="0 0 24 24" fill="none" stroke="currentColor" stroke-width="2" stroke-linecap="round" stroke-linejoin="round"><polyline points="15 18 9 12 15 6"></polyline></svg></div><div class="gt-slider-button gt-slider-next"><svg xmlns="http://www.w3.org/2000/svg" viewBox="0 0 24 24" fill="none" stroke="currentColor" stroke-width="2" stroke-linecap="round" stroke-linejoin="round"><polyline points="9 18 15 12 9 6"></polyline></svg></div></div></div></div></div>[vc_empty_space height=&#8221;115px&#8221;][/vc_column][/vc_row][vc_row][vc_column offset=&#8221;vc_col-lg-2 vc_col-md-2 vc_hidden-sm vc_hidden-xs&#8221;][/vc_column][vc_column offset=&#8221;vc_col-lg-8 vc_col-md-8 vc_col-xs-12&#8243;][vc_column_text]</p>
<p class="p1" style="text-align: center;">A Trans Real é uma apoiadora do projeto Vez &amp; Voz &#8211; Mulheres no TRC que visa valorizar as mulheres que trabalham no setor de transporte rodoviário de cargas, fomentar o crescimento profissional delas dentro do próprio setor e atrair novos talentos para o TRC. A Trans Real é uma empresa parceira desse projeto e fomenta ações internas com o intuito de criar uma rede de apoio e incentivo para discutir outros assuntos que permeiam os diversos universos femininos, além de dar oportunidades para elas ocuparem diversos cargos dentro da empresa.</p>
<p>[/vc_column_text][vc_empty_space height=&#8221;80px&#8221;][vc_single_image image=&#8221;3404&#8243; img_size=&#8221;&#8221; alignment=&#8221;center&#8221;][vc_empty_space height=&#8221;80px&#8221;][/vc_column][vc_column offset=&#8221;vc_col-lg-2 vc_col-md-2 vc_hidden-sm vc_hidden-xs&#8221;][/vc_column][/vc_row][vc_row full_width=&#8221;stretch_row_content_no_spaces&#8221; css=&#8221;.vc_custom_1537370052097{margin-bottom: -60px !important;}&#8221;][vc_column]<div class="gt-project-bg-grid gt-opacity-effect-true"><div class="gt-container"><div class="gt-project-list gt-style-8 gt-columns gt-column-3"><div class="gt-item gt-col"><div class="gt-content"><h3 class="gt-title"><a href="https://www.transreallogistica.com.br/?project=cidadania-corporativa">Cidadania Corporativa</a></h3><ul class="gt-cat"><li><a href="https://www.transreallogistica.com.br/?project-category=pessoas">Pessoas</a></li></ul></div></div><div class="gt-item gt-col"><div class="gt-content"><h3 class="gt-title"><a href="https://www.transreallogistica.com.br/?project=programa-a-vez-e-delas">Programa A Vez é Delas</a></h3><ul class="gt-cat"><li><a href="https://www.transreallogistica.com.br/?project-category=pessoas">Pessoas</a></li></ul></div></div><div class="gt-item gt-col"><div class="gt-content"><h3 class="gt-title"><a href="https://www.transreallogistica.com.br/?project=trans-real-sustentavel">Trans Real Sustentável</a></h3><ul class="gt-cat"><li><a href="https://www.transreallogistica.com.br/?project-category=meio-ambiente">Meio Ambiente</a></li></ul></div></div><div class="gt-item gt-col"><div class="gt-content"><h3 class="gt-title"><a href="https://www.transreallogistica.com.br/?project=programa-na-mao-certa">Programa Na Mão Certa</a></h3><ul class="gt-cat"><li><a href="https://www.transreallogistica.com.br/?project-category=pessoas">Pessoas</a></li></ul></div></div><div class="gt-item gt-col"><div class="gt-content"><h3 class="gt-title"><a href="https://www.transreallogistica.com.br/?project=pgt-programa-de-gestao-de-transportadoras">PGT – Programa de Gestão de Transportadoras</a></h3><ul class="gt-cat"><li><a href="https://www.transreallogistica.com.br/?project-category=pessoas">Pessoas</a></li></ul></div></div><div class="gt-item gt-col"><div class="gt-content"><h3 class="gt-title"><a href="https://www.transreallogistica.com.br/?project=coleta-de-residuos">Coleta de Resíduos</a></h3><ul class="gt-cat"><li><a href="https://www.transreallogistica.com.br/?project-category=meio-ambiente">Meio Ambiente</a></li></ul></div></div><div class="gt-item gt-col"><div class="gt-content"><h3 class="gt-title"><a href="https://www.transreallogistica.com.br/?project=maio-amarelo">Maio Amarelo</a></h3><ul class="gt-cat"><li><a href="https://www.transreallogistica.com.br/?project-category=pessoas">Pessoas</a></li></ul></div></div><div class="gt-item gt-col"><div class="gt-content"><h3 class="gt-title"><a href="https://www.transreallogistica.com.br/?project=treinamentos-e-capacitacao">Treinamentos e Capacitação</a></h3><ul class="gt-cat"><li><a href="https://www.transreallogistica.com.br/?project-category=pessoas">Pessoas</a></li></ul></div></div></div></div><div class="gt-project-img-list"><div class="gt-image gt-active gt-lazy-load" data-bg="https://www.transreallogistica.com.br/wp-content/uploads/2024/04/jovens-colegas-trabalhando-juntos-em-um-cafe2.jpg"></div><div class="gt-image gt-lazy-load" data-bg="https://www.transreallogistica.com.br/wp-content/uploads/2024/04/323894801_721208692649468_884665604557267479_n.jpeg"></div><div class="gt-image gt-lazy-load" data-bg="https://www.transreallogistica.com.br/wp-content/uploads/2021/02/img_transreal_sustentavel-1920x1200.jpg"></div><div class="gt-image gt-lazy-load" data-bg="https://www.transreallogistica.com.br/wp-content/uploads/2020/06/img_projetos_transreal_10-1920x1200.jpg"></div><div class="gt-image gt-lazy-load" data-bg="https://www.transreallogistica.com.br/wp-content/uploads/2020/06/img_projetos_transreal_09-1920x1200.jpg"></div><div class="gt-image gt-lazy-load" data-bg="https://www.transreallogistica.com.br/wp-content/uploads/2020/06/img_projetos_transreal_05-1920x1200.jpg"></div><div class="gt-image gt-lazy-load" data-bg="https://www.transreallogistica.com.br/wp-content/uploads/2020/06/img_projetos_transreal_03-1920x1200.jpg"></div><div class="gt-image gt-lazy-load" data-bg="https://www.transreallogistica.com.br/wp-content/uploads/2020/06/img_projetos_transreal_01-1920x1200.jpg"></div></div></div>[/vc_column][/vc_row]</p>

<p>A Trans Real é uma apoiadora do projeto Vez &#038; Voz &#8211; Mulheres no TRC que visa valorizar as mulheres que trabalham no setor de transporte rodoviário de cargas, fomentar o crescimento profissional delas dentro do próprio setor e atrair novos talentos para o TRC.</p>
